{"id":9097,"date":"2024-03-18T15:28:33","date_gmt":"2024-03-18T14:28:33","guid":{"rendered":"https:\/\/solomoto.be\/fr\/?page_id=9097"},"modified":"2024-09-02T13:20:53","modified_gmt":"2024-09-02T12:20:53","slug":"vous-avez-une-plainte-a-formuler","status":"publish","type":"page","link":"https:\/\/solomoto.be\/fr\/vous-avez-une-plainte-a-formuler\/","title":{"rendered":"Vous avez une plainte \u00e0 formuler ?"},"content":{"rendered":"\n<p>Dans ce cas, adressez-vous d&rsquo;abord \u00e0 la personne de contact en charge de votre dossier. Vous trouverez ses coordonn\u00e9es dans notre correspondance. Vous pouvez \u00e9galement d\u00e9poser votre plainte par \u00e9crit \u00e0 l&rsquo;adresse suivante :<\/p>\n\n\n\n<p>Solo Moto, Service de gestion des plaintes<br>Attn : Culliganlaan 2C.9 1831 Diegem<br>Tel : 03 808 58 95 &#8211; info@solomoto.be<\/p>\n\n\n\n<p>Si vous n&rsquo;\u00eates pas satisfait de la r\u00e9ponse de notre service de gestion des plaintes, vous pouvez contacter le<\/p>\n\n\n\n<p>Ombudsman van de Verzekeringen,<br>de Mee\u00fbssquare 35, 1000 Brussel<br>Fax : 02 547 59 75 &#8211; info@ombudsman-insurance.be<\/p>\n\n\n\n<p>Ces dispositions sont sans pr\u00e9judice du droit du (candidat) titulaire de la police d&rsquo;intenter une action en justice.<\/p>\n","protected":false},"excerpt":{"rendered":"<p>Dans ce cas, adressez-vous d&rsquo;abord \u00e0 la personne de contact en charge de votre dossier. Vous trouverez ses coordonn\u00e9es dans&#8230;<\/p>\n","protected":false},"author":2,"featured_media":0,"parent":0,"menu_order":0,"comment_status":"closed","ping_status":"closed","template":"","meta":{"_acf_changed":false,"footnotes":""},"class_list":["post-9097","page","type-page","status-publish","hentry"],"acf":[],"_links":{"self":[{"href":"https:\/\/solomoto.be\/fr\/wp-json\/wp\/v2\/pages\/9097","targetHints":{"allow":["GET"]}}],"collection":[{"href":"https:\/\/solomoto.be\/fr\/wp-json\/wp\/v2\/pages"}],"about":[{"href":"https:\/\/solomoto.be\/fr\/wp-json\/wp\/v2\/types\/page"}],"author":[{"embeddable":true,"href":"https:\/\/solomoto.be\/fr\/wp-json\/wp\/v2\/users\/2"}],"replies":[{"embeddable":true,"href":"https:\/\/solomoto.be\/fr\/wp-json\/wp\/v2\/comments?post=9097"}],"version-history":[{"count":3,"href":"https:\/\/solomoto.be\/fr\/wp-json\/wp\/v2\/pages\/9097\/revisions"}],"predecessor-version":[{"id":9208,"href":"https:\/\/solomoto.be\/fr\/wp-json\/wp\/v2\/pages\/9097\/revisions\/9208"}],"wp:attachment":[{"href":"https:\/\/solomoto.be\/fr\/wp-json\/wp\/v2\/media?parent=9097"}],"curies":[{"name":"wp","href":"https:\/\/api.w.org\/{rel}","templated":true}]}}

Vous avez une plainte à formuler ?

<p>Dans ce cas, adressez-vous d&rsquo;abord à la personne de contact en charge de votre dossier. Vous trouverez ses coordonnées dans notre correspondance. Vous pouvez également déposer votre plainte par écrit à l&rsquo;adresse suivante :</p>



<p>Solo Moto, Service de gestion des plaintes<br>Attn : Culliganlaan 2C.9 1831 Diegem<br>Tel : 03 808 58 95 &#8211; info@solomoto.be</p>



<p>Si vous n&rsquo;êtes pas satisfait de la réponse de notre service de gestion des plaintes, vous pouvez contacter le</p>



<p>Ombudsman van de Verzekeringen,<br>de Meeûssquare 35, 1000 Brussel<br>Fax : 02 547 59 75 &#8211; info@ombudsman-insurance.be</p>



<p>Ces dispositions sont sans préjudice du droit du (candidat) titulaire de la police d&rsquo;intenter une action en justice.</p>

<p>Dans ce cas, adressez-vous d&rsquo;abord à la personne de contact en charge de votre dossier. Vous trouverez ses coordonnées dans&#8230;</p>
